 is 5 + (-6 - 6 - 9 - -9) - -11?
4
What is 10 + (-20 - (10 - (-7 + 26)))?
-1
(3 - (-5 - -2)) + -16
-10
Calculate -5 + (-3 - -2) - (-5 - (-13 - -17)).
3
What is 94 + -96 - (5 + (-1 - -4))?
-10
(-17 - -37) + 12 + -47
-15
What is (-6 - 0) + (2 + 50 - 29)?
17
What is 5 + (-30 - -13) + (0 - 1)?
-13
What is the value of 13 - ((-45 - -19) + 64)?
-25
Calculate (-2 - 5) + (-24 - -26) + 41 + -1.
35
What is -64 + 57 - (12 + -5)?
-14
(-3 + 4 - (-35 + 38)) + -11
-13
What is the value of -30 + 6 + (-4 - (-6 + -6))?
-16
Evaluate -23 - (-26 - -9) - -18.
12
1 + (-6 - (11 - 5)) + 33
22
Evaluate 5 + 21 + -24 + -7.
-5
Evaluate (0 + 4 - 15 - -5) + 7.
1
(-8 - 5) + (-19 - -26) - (-1 + 15)
-20
Evaluate 3 - ((9 + 13 - 6) + -10).
-3
What is -6 - (-23 + -16 + 28 - -12)?
-7
What is the value of -6 - ((7 - 6) + -4 + 7) - -10?
0
Evaluate 27 - (8 - (-14 - (7 - 42))).
40
Calculate -3 - ((-10 - (3 + -4)) + -2) - -3.
11
(-32 - -31) + (7 - 2)
4
(15 - (-20 + 4)) + -18 - 50
-37
Evaluate 11 - (-6 + 5 - 8).
20
Calculate 16 - (-1 - -14 - -8).
-5
What is the value of -4 + -4 + 21 - 1?
12
Evaluate 22 + -3 - (-15 - (-36 + -3 + 15)).
10
What is the value of (-5 - -2) + 19 + -12 + -29 - -5?
-20
Calculate 5 - 0 - (-2 + (-8 - -1)).
14
What is -26 - (-92 - -95 - (4 - -1))?
-24
-28 + 27 + 11 + -5
5
-4 + 32 - (-11 + 28 - 5)
16
Evaluate 2 - 4 - (5 + -23 - 2 - 0).
18
Evaluate -17 + -1 + (-6 - (8 - (11 - -9))).
-12
(126 - 142) + -1 + 19
2
What is the value of 0 + -18 + (-853 - -873) - (19 - 0)?
-17
Evaluate 3 + -4 + 5 + -2 - -11.
13
What is 14 + (21 - (40 + -14))?
9
Evaluate 129 + -158 - (-2 - 9).
-18
What is the value of 10 + -4 + (4 - 3) + (24 - -3)?
34
What is the value of -12 + 0 + (-18 - -49) + -31?
-12
Evaluate 15 + -20 + -13 + 0.
-18
Calculate 36 - (14 - (3 + -38)).
-13
What is -1 - (-4 - -9 - -11)?
-17
Evaluate (5 + -3 - -3) + (0 - -5).
10
What is the value of 2 + 0 + 1 + 2 + -12?
-7
Calculate (36 - (20 - -6)) + -32.
-22
8 + 1 + 29 + (-4 - 36)
-2
Evaluate 11 + -11 + 8 + 0.
8
Calculate -10 - -1 - (15 + 1).
-25
What is -3 + -16 + (10 - 11) + (-6 - -14)?
-12
What is the value of 5 - (6 + (10 - 5))?
-6
(10 - 16) + 1 + 2 - (-13 + 0)
10
What is the value of (-26 - -27 - (6 + 0)) + 0 + 15?
10
What is the value of 1 + (-15 - -5) + 15 + -4?
2
What is -1 + 1 - 10 - (2920 - 2930)?
0
What is 43 + (-6 - (48 + -38))?
27
Evaluate -3 + -5 + 14 + (-19 - -7) + 8.
2
What is the value of 4 + 2 - (-21 + 1 + 16)?
10
Calculate 3 - (0 - 2) - (8 - (-9 - -22)).
10
What is 13 - (21 - 13) - (11 - 10)?
4
What is the value of -6 + (5 - -1 - 2) + (-13 - -2)?
-13
-23 - (-34 - -1 - 14)
24
Calculate 7 - (-9 - (-34 - -11)).
-7
0 + -10 + (531 - 529) - (-1 + 2)
-9
Calculate 30 + 2 - ((2 - -6) + -7 - 2).
33
Evaluate 2 + (-7 + 2 - -5).
2
-10 - -1 - (78 - 84)
-3
What is -4 + 16 - 3 - (-72 + 70)?
11
What is 10 + (-1 - (32 - 19))?
-4
What is the value of -1 + (0 - 5) + -4 + 10?
0
Calculate (22 + -16 - (4 - -1)) + 9.
10
16 + -1 + -14 - -1
2
Evaluate 6 - (22 - 5) - -14.
3
Calculate 45 - (46 + -20) - -6.
25
Evaluate 11 + 6 - (-62 + 59 - (0 + -11)).
9
10 - -6 - (12 - (13 + -5))
12
Evaluate 2 + -12 + 18 + -21.
-13
Calculate (-8 - (-26 + 2)) + -8 - 12.
-4
What is the value of (4 - 2) + -4 - -6 - (58 - 50)?
-4
8 - (36 + (-13 - ((1 - 0) + -6)))
-20
Evaluate -2 - ((4 - 1 - -1) + 1 + -4).
-3
What is the value of 2 + (3 - 6) + -7 + (7 - 2)?
-3
-16 + (11 + 1 - (13 + -5 + -2))
-10
What is 2 - (14 + -9 + -2)?
-1
What is (-10 - 1) + (1 - -29)?
19
What is the value of -22 + -2 - -16 - (-1 + 1)?
-8
What is -11 + (8 - -4) - 8 - -3?
-4
Calculate (-2 - -29) + -12 + (-14 + 8 - -16).
25
What is -4 - (1 + -5 + -5 + 20)?
-15
Evaluate -4 + 0 + 6 + (-23 - -12).
-9
What is the value of 31 + -77 + 36 - (-19 + -1)?
10
Evaluate (-10 + (6 - -12) - 1) + -2.
5
Evaluate 48 - 40 - (22 + -4 + 6 + -5).
-11
Evaluate 3 + -17 + -40 + 89.
35
What is 0 + 5 + (7 - 14) - -5?
3
-7 - (-1 - 0) - ((1 - -2) + 1)
-10
What is the value of 3 + 5 + -1 - (5 + (-8 - -5))?
5
What is the value of 0 + -3 + (-2 - 3) - (-59 - -72)?
-21
Calculate (65 + -30 - 31) + -22.
-18
Evaluate (42 - (-51 - -66)) + (6 - 3 - -1).
31
What is the value of -7 - (-3 - 0) - (1 + -6 + 13)?
-12
What is the value of -3 + 0 + 0 - (-4 + -1) - -22?
24
What is -33 - (-44 + (34 - 38))?
15
-7 + 1 - (-7 + -1 - -6)
-4
(-7 - -2) + -31 - (4 - 15 - -12)
-37
What is -9 - ((8 - 1) + -13)?
-3
Calculate 10 - -24 - (9 + -15 + -4 + 19).
25
20 + -7 + (2 + -3 - 3)
9
Calculate -16 - (-26 + 15 + 19).
-24
Evaluate 6 - 14 - (2 - 2) - 0.
-8
What is the value of 13 - (4 - 0) - (24 - 22)?
7
Calculate -62 + 32 - -23 - (0 + -2).
-5
Evaluate -22 + (25 - (8 - -14)).
-19
9 + 7 + (-8 - (12 + 10))
-14
What is (3 - 17) + -54 + 45?
-23
(-1 + -8 - (184 + -216)) + (4 - 11)
16
Calculate (10 - 11) + 8 + -23 - (0 - -2).
-18
Calculate -16 - (6 - 20) - -5 - (5 + 1).
-3
Evaluate 1 + -5 + 7 + -10 + 4.
-3
4 + -8 + 3 - -6 - 12
-7
Calculate -547 + 552 + (1 - (-6 + (3 - 1))).
10
-7 + -1 + 55 + -17 + (-2 - -12)
40
(-1 - (-1 + 9 - (113 + -98))) + 15
21
Calculate (-23 - -17) + (2 + -8 - -6) + 3.
-3
Evaluate 2 + (-19 - -2) + 21.
6
What is the value of (20 - 30) + 0 + 2 + 3?
-5
4 - (-4 - (3 - -7) - -8)
10
Calculate (13 - 1 - (7 - 6) - 1) + 6.
16
What is the value of (-53 - -41) + 2 + 10?
0
What is 34 - 17 - (-18 - (10 + -17))?
28
What is (9 - 7) + 7 + (-9 - (2 + -6))?
4
Calculate 5 + (-10 - -12 - 0) + -19.
-12
Calculate 13 - (-2 - -1) - (-18 + 23).
9
Evaluate 13 + (0 + 1 - (-15 - -10)).
19
What is (1 - 11 - -11) + 4 - -7?
12
What is 36 + -71 + (4 - -2)?
-29
Evaluate 3 + -12 + -2 + -6.
-17
Calculate -6 + (0 + 9 - 5).
-2
What is 9 + (-3 - -4) + 2?
12
What is 9 + (20 - 8 - 38)?
-17
Calculate 134 - 144 - (1 - 7) - -20.
16
Evaluate (0 - -1) + 64 + -57 - (10 + -5).
3
What is -5 + (74 - (14 + 33))?
22
Evaluate -38 + 34 + -3 + 1.
-6
What is the value of -2 - ((6 - (5 + -5) - 1) + -3)?
-4
What is 24 - ((4 - 6) + (-8 - -5 - -11))?
18
Evaluate (-6 - ((-7 - -3) + 10)) + -8 + 8.
-12
What is -8 - (-3 + -5) - (1 - (7 - -2))?
8
What is -10 - (-9 - (10 - 20))?
-11
(-2 - -2) + 1 - (32 - (12 + 7))
-12
What is 41 - 60 - (12 + -37)?
6
14 + (-20 + 8 + -3 - 21)
-22
What is the value of -3 + (12 - (24 + 1) - 2)?
-18
-2 - 20 - (-59 + 44)
-7
-1 + (2 - 13) + -12
-24
What is 3 - 4 - (0 + 6) - (95 + -91)?
-11
What is the value of 11 - 18 - -18 - (11 - 4)?
4
Calculate (-4 - -16) + (-10 - -7).
9
3 + 26 + -8 + -8
13
Evaluate -13 + 44 + -6 + (2 - 9).
18
What is the value of -11 + -2 + (-2 - -5) - -15?
5
What is the value of -7 + (17 - -4 - 8)?
6
What is (12 - 0) + (-83 - -77) - (1 - -5)?
0
-3 - -4 - (82 + -74)
-7
Evaluate -10 - (-14 - (13 - 9)).
8
Calculate 10 + 7 + (4 - 4) + -49 - 0.
-32
Calculate (6 - (-13 + 25)) + -5 + 1.
-10
Evaluate 7 + 0 + (-3 - 16 - -20) + 9.
17
Calculate -24 + 1 + (-2 - 7) + 5 + -2.
-29
(-2 - 2) + 7 + 19 + -3 + -5
14
-8 + 8 + (0 - 16) + 9
-7
What is the value of 10 + -19 - (-3 - (-30 - -17))?
-19
Evaluate (7 - 5) + -10 + 6 + -6 + 0.
-8
Calculate 30 + -18 + -9 + -6.
-3
What is the value of -4 + (12 - 10 - 7 - 5)?
-14
Calculate -23 + (-20 - (-16 + 7)) + 15.
-19
What is the value of -267 + 270 - (3 + -6 - -16)?
-10
Evaluate 1652 + -1652 - (29 + 0).
-29
What is the value of 4 + -3 - (-2 + (6 - 6) + 9)?
-6
Calculate 1 + -4 + -5 - (-6 - (-1 + 1)).
-2
Evaluate 20 - 22 - (6 - 10).
2
Evaluate 9 - (29 + -20 - (16 + -5)).
11
Evaluate (-2 - -9) + -5 + 10 + 2 + -2.
12
9 + (-1 - (-14 - -21))
1
-4 - -1 - 1 - (28 - 29) - 1
-4
Evaluate (-28 - -22) + -14 - 3.
-23
What is the value of -7 - 6 - (0 - -9 - (7 + 6))?
-9
(8 + -5 + 10 + 10 - 7) + -10
6
81 + (17 - 61) - 53
-16
What is the value of (2 - 16) + -4 - (45 + -50)?
-13
Evaluate -11 + 17 + -12 + 3 + 3.
0
Evaluate (615 - 621) + -1 + 4.
-3
What is the value of 13 + -19 - 1 - 6?
-13
-7 - (6 + 0 + (-6 - 1) - -5)
-11
3 + -6 - (29 - 22)
-10
What is -9 + (6 + 8 - 9) - (0 - 18)?
14
What is (8 - -5 - 5 - 18) + -4 + -4?
-18
What is the value of 14 + -17 + 9 - 7 - (-1 - -1)?
-1
17 + (-1 - -3) + (17 - 23)
13
What is the value of 152 + -153 + (19 - (-3 + -4 + 4))?
21
What is the value of -2 + (-6 - -2) + (-254 - -255)?
-5
What is 6 + -4 + 0 + -17 - -6?
-9
What is the value of (-9 - -2) + -15 + 3?
-19
Evaluate 18 - ((0 + -5 - 2) + 19 + -6).
12
What is the value of -3 + 6 + -7 + -5 + (18 - 5)?
4
Evaluate -17 + 18 + -11 + 26.
16
(-37 - (-19 - -15)